{"id":5,"date":"2014-11-01T14:15:50","date_gmt":"2014-11-01T12:15:50","guid":{"rendered":"http:\/\/www.kempeleenreservilaiset.fi\/wordpress\/?page_id=5"},"modified":"2026-05-13T13:27:25","modified_gmt":"2026-05-13T10:27:25","slug":"kempeleen-ja-oulunsalon-reservilaistoiminta","status":"publish","type":"page","link":"https:\/\/www.kempeleenreservilaiset.fi\/2\/","title":{"rendered":"Kempeleen reserviupseerit"},"content":{"rendered":"<p>Olet Kempeleen Reserviupseerikerho ry:n kotisivuilla.<\/p>\n<p>Tule j\u00e4seneksi niin p\u00e4\u00e4set mukaan vapaaehtoiseen mukavaan maanpuolustusharrastukseen. J\u00e4rjest\u00e4mme monenlaisia koulutuksia ja teemme l\u00e4hialueiden reservil\u00e4iskerhojen kanssa yhteisty\u00f6t\u00e4. Meist\u00e4 on mukavaa tehd\u00e4 arvokkaita asioita yhdess\u00e4.<\/p>\n\n<div class=\"wp-block-image\">\n<figure class=\"alignleft size-full\"><a href=\"http:\/\/www.kempeleenreservilaiset.fi\/2\/wp-content\/uploads\/2026\/05\/ruusuke.jpg\"><img loading=\"lazy\" decoding=\"async\" width=\"783\" height=\"791\" src=\"http:\/\/www.kempeleenreservilaiset.fi\/2\/wp-content\/uploads\/2026\/05\/ruusuke.jpg\" alt=\"\" class=\"wp-image-1243\" srcset=\"https:\/\/www.kempeleenreservilaiset.fi\/2\/wp-content\/uploads\/2026\/05\/ruusuke.jpg 783w, https:\/\/www.kempeleenreservilaiset.fi\/2\/wp-content\/uploads\/2026\/05\/ruusuke-297x300.jpg 297w, https:\/\/www.kempeleenreservilaiset.fi\/2\/wp-content\/uploads\/2026\/05\/ruusuke-768x776.jpg 768w\" sizes=\"auto, (max-width: 783px) 100vw, 783px\" \/><\/a><\/figure><\/div>\n\n\n<p><\/p>\n","protected":false},"excerpt":{"rendered":"<p>Olet Kempeleen Reserviupseerikerho ry:n kotisivuilla. Tule j\u00e4seneksi niin p\u00e4\u00e4set mukaan vapaaehtoiseen mukavaan maanpuolustusharrastukseen. J\u00e4rjest\u00e4mme monenlaisia koulutuksia ja teemme l\u00e4hialueiden reservil\u00e4iskerhojen kanssa yhteisty\u00f6t\u00e4. Meist\u00e4 on mukavaa tehd\u00e4 arvokkaita asioita yhdess\u00e4.<\/p>\n","protected":false},"author":1,"featured_media":0,"parent":0,"menu_order":0,"comment_status":"closed","ping_status":"closed","template":"sidebar-page.php","meta":{"footnotes":""},"class_list":["post-5","page","type-page","status-publish","hentry"],"_links":{"self":[{"href":"https:\/\/www.kempeleenreservilaiset.fi\/2\/wp-json\/wp\/v2\/pages\/5","targetHints":{"allow":["GET"]}}],"collection":[{"href":"https:\/\/www.kempeleenreservilaiset.fi\/2\/wp-json\/wp\/v2\/pages"}],"about":[{"href":"https:\/\/www.kempeleenreservilaiset.fi\/2\/wp-json\/wp\/v2\/types\/page"}],"author":[{"embeddable":true,"href":"https:\/\/www.kempeleenreservilaiset.fi\/2\/wp-json\/wp\/v2\/users\/1"}],"replies":[{"embeddable":true,"href":"https:\/\/www.kempeleenreservilaiset.fi\/2\/wp-json\/wp\/v2\/comments?post=5"}],"version-history":[{"count":11,"href":"https:\/\/www.kempeleenreservilaiset.fi\/2\/wp-json\/wp\/v2\/pages\/5\/revisions"}],"predecessor-version":[{"id":1247,"href":"https:\/\/www.kempeleenreservilaiset.fi\/2\/wp-json\/wp\/v2\/pages\/5\/revisions\/1247"}],"wp:attachment":[{"href":"https:\/\/www.kempeleenreservilaiset.fi\/2\/wp-json\/wp\/v2\/media?parent=5"}],"curies":[{"name":"wp","href":"https:\/\/api.w.org\/{rel}","templated":true}]}}