{"id":451,"date":"2016-05-06T22:25:52","date_gmt":"2016-05-06T19:25:52","guid":{"rendered":"http:\/\/www.kempeleenreservilaiset.fi\/2\/?page_id=451"},"modified":"2024-09-26T20:38:33","modified_gmt":"2024-09-26T17:38:33","slug":"tukijamme-3","status":"publish","type":"page","link":"https:\/\/www.kempeleenreservilaiset.fi\/2\/tukijamme-3\/","title":{"rendered":"Tukijamme"},"content":{"rendered":"<table>\n<tbody>\n<tr>\n<td style=\"padding-left: 20px;\"><a href=\"http:\/\/www.aj-kate.fi\/\" target=\"_blank\" rel=\"noopener\"><u><span style=\"color: #0066cc;\">Aj-Kate<\/span><\/u><\/a><\/td>\n<td><a href=\"http:\/\/felox.fi\" target=\"_blank\" rel=\"noopener\"><u><span style=\"color: #0066cc;\">Felox Finland Oy<\/span><\/u><\/a><\/td>\n<td><a href=\"http:\/\/www.zeppelininapteekki.fi\/\" target=\"_blank\" rel=\"noopener\"><u><span style=\"color: #0066cc;\">Zeppelinin apteekki<\/span><\/u><\/a><\/td>\n<td><a href=\"http:\/\/pato.1g.fi\/arktiset\/esittelyt\/jackcharter.htm\" target=\"_blank\" rel=\"noopener\"><span style=\"color: #0066cc;\"><u>Jack Charter -tilausbussit<\/u><\/span><\/a><\/td>\n<\/tr>\n<tr>\n<td style=\"padding-left: 20px;\"><a href=\"http:\/\/www.jarkonpolttopuu.fi\/\" target=\"_blank\" rel=\"noopener\"><u><span style=\"color: #0066cc;\">Jareko Oy<\/span><\/u><\/a><\/td>\n<td><a href=\"http:\/\/zeppelin.so\/liike\/jeans-relax\/\" target=\"_blank\" rel=\"noopener\"><u><span style=\"color: #0066cc;\">Jeans Relax<\/span><\/u><\/a><\/td>\n<td><a href=\"http:\/\/www.kempeleenkylakauppa.com\/\" target=\"_blank\" rel=\"noopener\"><span style=\"color: #0066cc;\"><u>Kempeleen Kyl\u00e4kauppa<\/u><\/span><\/a><\/td>\n<td><a href=\"http:\/\/www.laatumikro.fi\/\" target=\"_blank\" rel=\"noopener\"><u>Laatumikro<\/u><\/a><\/td>\n<\/tr>\n<tr>\n<td style=\"padding-left: 20px;\"><a href=\"http:\/\/www.avainasemat.fi\/\" target=\"_blank\" rel=\"noopener\"><u><span style=\"color: #0066cc;\">Lakeuden katsastus<\/span><\/u><\/a><\/td>\n<td><a href=\"http:\/\/www.vihiluodonautokoulu.fi\/\" target=\"_blank\" rel=\"noopener\"><u><span style=\"color: #0066cc;\">Vihiluodon autokoulu<\/span><\/u><\/a><\/td>\n<td><a href=\"http:\/\/www.sahkovaittinen.fi\/\" target=\"_blank\" rel=\"noopener\"><u><span style=\"color: #0066cc;\">S\u00e4hk\u00f6-Vaittinen<\/span><\/u><\/a><\/td>\n<td style=\"padding-left: 20px;\"><a href=\"http:\/\/www.veho.fi\/fi\/liikkeet\/Oulu\/Sivut\/default.aspx\" target=\"_blank\" rel=\"noopener\"><u><span style=\"color: #0066cc;\">Veho autotalot, Oulu<\/span><\/u><\/a><\/td>\n<\/tr>\n<\/tbody>\n<\/table>\n<table style=\"width: 829px; height: 2709px;\">\n<tbody>\n<tr style=\"height: 225px;\">\n<td style=\"padding-left: 10px; width: 385.68px; height: 225px;\"><a href=\"http:\/\/www.autokorjaamonikunen.fi\/\" target=\"_blank\" rel=\"noopener\"><img decoding=\"async\" style=\"width: 100%;\" src=\"http:\/\/www.kempeleenreservilaiset.fi\/2\/wp-content\/uploads\/2014\/11\/nikunen.jpg\" alt=\"\" \/><\/a><\/td>\n<td style=\"padding-left: 10px; width: 435.32px; height: 225px;\"><a href=\"http:\/\/www.autokumi.fi\/\" target=\"_blank\" rel=\"noopener\"><img decoding=\"async\" style=\"width: 100%;\" src=\"http:\/\/www.kempeleenreservilaiset.fi\/2\/wp-content\/uploads\/2014\/11\/autokumi.jpg\" alt=\"\" \/><\/a><\/td>\n<\/tr>\n<tr style=\"height: 225px;\">\n<td style=\"padding-left: 10px; width: 385.68px; height: 225px;\"><a href=\"http:\/\/www.ekoporaus.fi\/\" target=\"_blank\" rel=\"noopener\"><img decoding=\"async\" style=\"width: 100%;\" src=\"http:\/\/www.kempeleenreservilaiset.fi\/2\/wp-content\/uploads\/2014\/11\/ekoporaus.jpg\" alt=\"\" \/><\/a><\/td>\n<td style=\"padding-left: 10px; width: 435.32px; height: 225px;\"><a href=\"https:\/\/www.hinaushartikainen.fi\/\" target=\"_blank\" rel=\"noopener\"><img decoding=\"async\" style=\"width: 100%;\" src=\"http:\/\/www.kempeleenreservilaiset.fi\/2\/wp-content\/uploads\/2014\/11\/hartikainen.jpg\" alt=\"\" \/><\/a><\/td>\n<\/tr>\n<tr style=\"height: 230px;\">\n<td style=\"padding-left: 10px; width: 385.68px; height: 230px;\"><a href=\"http:\/\/www.kempele.fi\/\" target=\"_blank\" rel=\"noopener\"><img decoding=\"async\" style=\"width: 100%;\" src=\"http:\/\/www.kempeleenreservilaiset.fi\/2\/wp-content\/uploads\/2014\/11\/kempele.jpg\" alt=\"\" \/><\/a><\/td>\n<td style=\"width: 435.32px; height: 230px;\"><a href=\"http:\/\/www.kempeleenjatekuljetus.fi\/\" target=\"_blank\" rel=\"noopener\"><img decoding=\"async\" style=\"width: 100%;\" src=\"http:\/\/www.kempeleenreservilaiset.fi\/2\/wp-content\/uploads\/2014\/11\/kempeleen-jatekuljetus.jpg\" alt=\"\" \/><\/a><\/td>\n<\/tr>\n<tr style=\"height: 204px;\">\n<td style=\"padding-left: 10px; width: 385.68px; height: 204px;\"><a href=\"http:\/\/www.k-market.fi\/kaupat\/etu-lyotty\/\" target=\"_blank\" rel=\"noopener\"><img decoding=\"async\" style=\"width: 100%;\" src=\"http:\/\/www.kempeleenreservilaiset.fi\/2\/wp-content\/uploads\/2014\/11\/k-market-etulyotty.jpg\" alt=\"\" \/><\/a><\/td>\n<td style=\"padding-left: 10px; width: 435.32px; height: 204px;\"><a href=\"http:\/\/www.monitie.fi\/\" target=\"_blank\" rel=\"noopener\"><img decoding=\"async\" style=\"width: 100%;\" src=\"http:\/\/www.kempeleenreservilaiset.fi\/2\/wp-content\/uploads\/2017\/01\/monitie2.png\" alt=\"\" \/><\/a><\/td>\n<\/tr>\n<tr style=\"height: 230px;\">\n<td style=\"padding-left: 10px; width: 385.68px; height: 230px;\"><a href=\"http:\/\/www.lapti.fi\/\" target=\"_blank\" rel=\"noopener\"><img decoding=\"async\" style=\"width: 100%;\" src=\"http:\/\/www.kempeleenreservilaiset.fi\/2\/wp-content\/uploads\/2014\/11\/lapti.jpg\" alt=\"\" \/><\/a><\/td>\n<td style=\"width: 435.32px; height: 230px;\"><a href=\"http:\/\/www.lvipitkala.fi\/\" target=\"_blank\" rel=\"noopener\"><img decoding=\"async\" style=\"width: 100%;\" src=\"http:\/\/www.kempeleenreservilaiset.fi\/2\/wp-content\/uploads\/2014\/11\/lvi-pitkala.jpg\" alt=\"\" \/><\/a><\/td>\n<\/tr>\n<tr style=\"height: 230px;\">\n<td style=\"padding-left: 10px; width: 385.68px; height: 230px;\"><a href=\"http:\/\/www.nosturiliikesulkala.fi\/\" target=\"_blank\" rel=\"noopener\"><img decoding=\"async\" style=\"width: 100%;\" src=\"http:\/\/www.kempeleenreservilaiset.fi\/2\/wp-content\/uploads\/2014\/11\/sulkala.jpg\" alt=\"\" \/><\/a><\/td>\n<td style=\"width: 435.32px; height: 230px;\"><a href=\"http:\/\/www.oulunseudunsahko.fi\/\" target=\"_blank\" rel=\"noopener\"><img decoding=\"async\" style=\"width: 100%;\" src=\"http:\/\/www.kempeleenreservilaiset.fi\/2\/wp-content\/uploads\/2014\/11\/oulunseudunsahko.jpg\" alt=\"\" \/><\/a><\/td>\n<\/tr>\n<tr style=\"height: 230px;\">\n<td style=\"padding-left: 10px; width: 385.68px; height: 230px;\"><a href=\"http:\/\/www.pullapirtti.fi\" target=\"_blank\" rel=\"noopener\"><img decoding=\"async\" src=\"http:\/\/www.kempeleenreservilaiset.fi\/2\/wp-content\/uploads\/2014\/11\/pullapirtti.jpg\" alt=\"\" \/><\/a><\/td>\n<td style=\"width: 435.32px; height: 230px;\"><a href=\"http:\/\/www.suomenautohuolto.fi\" target=\"_blank\" rel=\"noopener\"><img decoding=\"async\" style=\"width: 100%;\" src=\"http:\/\/www.kempeleenreservilaiset.fi\/2\/wp-content\/uploads\/2014\/11\/sah.jpg\" alt=\"\" \/><\/a><\/td>\n<\/tr>\n<tr style=\"height: 230px;\">\n<td style=\"padding-left: 10px; width: 385.68px; height: 230px;\"><a href=\"http:\/\/www.varaosapaakkari.fi\/\" target=\"_blank\" rel=\"noopener\"><img decoding=\"async\" style=\"width: 100%;\" src=\"http:\/\/www.kempeleenreservilaiset.fi\/2\/wp-content\/uploads\/2014\/11\/varaosa-paakkari.jpg\" alt=\"\" \/><\/a><\/td>\n<td style=\"width: 435.32px; height: 230px;\"><a href=\"http:\/\/www.varmakoti.fi\/\" target=\"_blank\" rel=\"noopener\"><img decoding=\"async\" style=\"width: 100%;\" src=\"http:\/\/www.kempeleenreservilaiset.fi\/2\/wp-content\/uploads\/2014\/11\/varmakoti.jpg\" alt=\"\" \/><\/a><\/td>\n<\/tr>\n<tr style=\"height: 230px;\">\n<td style=\"padding-left: 10px; width: 385.68px; height: 230px;\"><a href=\"http:\/\/www.vihiluodonkala.fi\/\" target=\"_blank\" rel=\"noopener\"><img decoding=\"async\" style=\"width: 100%;\" src=\"http:\/\/www.kempeleenreservilaiset.fi\/2\/wp-content\/uploads\/2014\/11\/vihiluodonkala.jpg\" alt=\"\" \/><\/a><\/td>\n<td style=\"width: 435.32px; height: 230px;\"><a href=\"http:\/\/zeppelin.so\" target=\"_blank\" rel=\"noopener\"><img decoding=\"async\" style=\"width: 100%;\" src=\"http:\/\/www.kempeleenreservilaiset.fi\/2\/wp-content\/uploads\/2014\/11\/zeppelin.jpg\" alt=\"\" \/><\/a><\/td>\n<\/tr>\n<tr style=\"height: 210px;\">\n<td style=\"padding-left: 10px; width: 385.68px; height: 210px;\"><a href=\"https:\/\/www.blc.fi\/turva\" target=\"_blank\" rel=\"noopener\"><img loading=\"lazy\" decoding=\"async\" class=\"alignnone size-medium wp-image-1029\" src=\"http:\/\/www.kempeleenreservilaiset.fi\/2\/wp-content\/uploads\/2022\/05\/blc-300x106.jpg\" alt=\"\" width=\"300\" height=\"106\" srcset=\"https:\/\/www.kempeleenreservilaiset.fi\/2\/wp-content\/uploads\/2022\/05\/blc-300x106.jpg 300w, https:\/\/www.kempeleenreservilaiset.fi\/2\/wp-content\/uploads\/2022\/05\/blc.jpg 352w\" sizes=\"auto, (max-width: 300px) 100vw, 300px\" \/><\/a><\/td>\n<td style=\"width: 435.32px; height: 210px;\"><a href=\"http:\/\/www.kempeleenreservilaiset.fi\/2\/wp-content\/uploads\/2022\/05\/despe.jpg\"><img loading=\"lazy\" decoding=\"async\" class=\"alignnone size-full wp-image-1030\" src=\"http:\/\/www.kempeleenreservilaiset.fi\/2\/wp-content\/uploads\/2022\/05\/despe.jpg\" alt=\"\" width=\"258\" height=\"203\" \/><\/a><\/td>\n<\/tr>\n<tr style=\"height: 193px;\">\n<td style=\"padding-left: 10px; width: 385.68px; height: 193px;\"><a href=\"https:\/\/suomeneristystekniikka.fi\/\" target=\"_blank\" rel=\"noopener\"><img loading=\"lazy\" decoding=\"async\" class=\"alignnone size-medium wp-image-1031\" src=\"http:\/\/www.kempeleenreservilaiset.fi\/2\/wp-content\/uploads\/2022\/05\/eristys-300x81.jpg\" alt=\"\" width=\"300\" height=\"81\" srcset=\"https:\/\/www.kempeleenreservilaiset.fi\/2\/wp-content\/uploads\/2022\/05\/eristys-300x81.jpg 300w, https:\/\/www.kempeleenreservilaiset.fi\/2\/wp-content\/uploads\/2022\/05\/eristys.jpg 406w\" sizes=\"auto, (max-width: 300px) 100vw, 300px\" \/><\/a><\/td>\n<td style=\"width: 435.32px; height: 193px;\"><a href=\"https:\/\/www.kujalantila.fi\/\" target=\"_blank\" rel=\"noopener\"><img loading=\"lazy\" decoding=\"async\" class=\"alignnone size-medium wp-image-1027\" src=\"http:\/\/www.kempeleenreservilaiset.fi\/2\/wp-content\/uploads\/2022\/05\/kujala-300x186.jpg\" alt=\"\" width=\"300\" height=\"186\" srcset=\"https:\/\/www.kempeleenreservilaiset.fi\/2\/wp-content\/uploads\/2022\/05\/kujala-300x186.jpg 300w, https:\/\/www.kempeleenreservilaiset.fi\/2\/wp-content\/uploads\/2022\/05\/kujala.jpg 371w\" sizes=\"auto, (max-width: 300px) 100vw, 300px\" \/><\/a><\/td>\n<\/tr>\n<tr style=\"height: 193px;\">\n<td style=\"padding-left: 10px; width: 385.68px; height: 193px;\"><a href=\"https:\/\/www.welado.fi\/\" target=\"_blank\" rel=\"noopener\"><img loading=\"lazy\" decoding=\"async\" class=\"alignnone wp-image-1028 size-medium\" src=\"http:\/\/www.kempeleenreservilaiset.fi\/2\/wp-content\/uploads\/2022\/05\/welado-300x180.jpg\" alt=\"\" width=\"300\" height=\"180\" srcset=\"https:\/\/www.kempeleenreservilaiset.fi\/2\/wp-content\/uploads\/2022\/05\/welado-300x180.jpg 300w, https:\/\/www.kempeleenreservilaiset.fi\/2\/wp-content\/uploads\/2022\/05\/welado.jpg 323w\" sizes=\"auto, (max-width: 300px) 100vw, 300px\" \/><\/a><\/td>\n<td style=\"width: 435.32px; height: 193px;\"><a href=\"http:\/\/www.kempeleenreservilaiset.fi\/2\/wp-content\/uploads\/2022\/05\/wire.jpg\"><img loading=\"lazy\" decoding=\"async\" class=\"alignnone wp-image-1026 size-medium\" src=\"http:\/\/www.kempeleenreservilaiset.fi\/2\/wp-content\/uploads\/2022\/05\/wire-300x37.jpg\" alt=\"\" width=\"300\" height=\"37\" srcset=\"https:\/\/www.kempeleenreservilaiset.fi\/2\/wp-content\/uploads\/2022\/05\/wire-300x37.jpg 300w, https:\/\/www.kempeleenreservilaiset.fi\/2\/wp-content\/uploads\/2022\/05\/wire-768x94.jpg 768w, https:\/\/www.kempeleenreservilaiset.fi\/2\/wp-content\/uploads\/2022\/05\/wire-500x61.jpg 500w, https:\/\/www.kempeleenreservilaiset.fi\/2\/wp-content\/uploads\/2022\/05\/wire.jpg 840w\" sizes=\"auto, (max-width: 300px) 100vw, 300px\" \/><\/a><\/td>\n<\/tr>\n<\/tbody>\n<\/table>\n<table>\n<tbody>\n<tr style=\"height: 193px;\">\n<td style=\"padding-left: 10px; width: 385.68px; height: 193px;\"><a href=\"https:\/\/medimanageri.fi\/\" target=\"_blank\" rel=\"noopener\"><img loading=\"lazy\" decoding=\"async\" class=\"alignnone  wp-image-1221\" src=\"http:\/\/www.kempeleenreservilaiset.fi\/2\/wp-content\/uploads\/2024\/09\/madimanageri-1.png\" alt=\"Medimanageri\" width=\"341\" height=\"98\" \/><\/a><\/td>\n<td style=\"width: 435.32px; height: 193px;\">\u00a0<\/td>\n<\/tr>\n<\/tbody>\n<\/table>\n<p><a href=\"http:\/\/www.kempeleenreservilaiset.fi\/2\/wp-content\/uploads\/2016\/08\/mainossopimus.pdf\">Mainossopimus<\/a><\/p>\n\n\n<p><\/p>\n","protected":false},"excerpt":{"rendered":"<p>Aj-Kate Felox Finland Oy Zeppelinin apteekki Jack Charter -tilausbussit Jareko Oy Jeans Relax Kempeleen Kyl\u00e4kauppa Laatumikro Lakeuden katsastus Vihiluodon autokoulu S\u00e4hk\u00f6-Vaittinen Veho autotalot, Oulu \u00a0 Mainossopimus<\/p>\n","protected":false},"author":3,"featured_media":0,"parent":0,"menu_order":0,"comment_status":"closed","ping_status":"closed","template":"","meta":{"footnotes":""},"class_list":["post-451","page","type-page","status-publish","hentry"],"_links":{"self":[{"href":"https:\/\/www.kempeleenreservilaiset.fi\/2\/wp-json\/wp\/v2\/pages\/451","targetHints":{"allow":["GET"]}}],"collection":[{"href":"https:\/\/www.kempeleenreservilaiset.fi\/2\/wp-json\/wp\/v2\/pages"}],"about":[{"href":"https:\/\/www.kempeleenreservilaiset.fi\/2\/wp-json\/wp\/v2\/types\/page"}],"author":[{"embeddable":true,"href":"https:\/\/www.kempeleenreservilaiset.fi\/2\/wp-json\/wp\/v2\/users\/3"}],"replies":[{"embeddable":true,"href":"https:\/\/www.kempeleenreservilaiset.fi\/2\/wp-json\/wp\/v2\/comments?post=451"}],"version-history":[{"count":129,"href":"https:\/\/www.kempeleenreservilaiset.fi\/2\/wp-json\/wp\/v2\/pages\/451\/revisions"}],"predecessor-version":[{"id":1224,"href":"https:\/\/www.kempeleenreservilaiset.fi\/2\/wp-json\/wp\/v2\/pages\/451\/revisions\/1224"}],"wp:attachment":[{"href":"https:\/\/www.kempeleenreservilaiset.fi\/2\/wp-json\/wp\/v2\/media?parent=451"}],"curies":[{"name":"wp","href":"https:\/\/api.w.org\/{rel}","templated":true}]}}